{"id":2,"date":"2015-03-03T13:53:04","date_gmt":"2015-03-03T13:53:04","guid":{"rendered":"http:\/\/www.autidem.net\/?page_id=2"},"modified":"2019-05-28T15:12:20","modified_gmt":"2019-05-28T13:12:20","slug":"beispiel-seite","status":"publish","type":"page","link":"https:\/\/www.autidem.net\/","title":{"rendered":"AUT iDEM"},"content":{"rendered":"<p>&nbsp;<br \/>\n&nbsp;<br \/>\n&nbsp;<br \/>\n&nbsp;<br \/>\n&nbsp;<br \/>\n&nbsp;<br \/>\n&nbsp;<br \/>\n&nbsp;<br \/>\n&nbsp;<br \/>\n&nbsp;<br \/>\n&nbsp;<br \/>\n&nbsp;<br \/>\n&nbsp;<br \/>\n&nbsp;<br \/>\n&nbsp;<br \/>\n&nbsp;<br \/>\n&nbsp;<br \/>\n&nbsp;<\/p>\n<p style=\"text-align: left;\"><span style=\"color: white;\">AUT iDEM &#8211; Alternative \/ Indie \/ Wave Rock aus G\u00fctersloh! Ein Live-Auftritt von AUT iDEM ist schon was besonderes. Sobald Frontfrau PE kraftvoll und ausdrucksstark ihre Stimme ert\u00f6nen l\u00e4sst, gibt es keinen Zweifel mehr an dem breiten Spektrum der Band. Ob in kleiner Location oder auf gro\u00dfer B\u00fchne; Songs, die mit druckvollem Bass von FelIX nach vorne getrieben werden und mit fetten Beats von Drummer Pit mal weich, aber meistens schlagkr\u00e4ftig die n\u00f6tige H\u00e4rte bekommen. Mit der zweiten Stimme von AnJA entstehen dann ganz eigenwillige Klangwelten f\u00fcr mehr Volumen in den Vocals. Gitarrist AnDreas versteht es mit akzentuierten Riffs den Arrangements die notwendige Frische zu geben und Keyboarder RaiNer sorgt mit den jeweils n\u00f6tigen Soundteppichen f\u00fcr die endg\u00fcltige damit richtige Klangfarbe der eigenen Songs, die manchmal an eine Mischung aus Three Doors Down, Sisters Of Mercy und Placebo erinnern.<\/span><\/p>\n<p>AUT iDEM sind:<\/p>\n<p>|Pit Flatt \u2013 Drums |&nbsp;Andreas Hilmer \u2013 Guitar | Pe Hilmer \u2013 Vocals |&nbsp;Anja Kadatz \u2013 Vocals |&nbsp;Rainer Knufinke \u2013 Keyboards | |&nbsp;Felix Hentschel \u2013 Bass |<\/p>\n<p>Kontakt:<br \/>\nPit Flatt&nbsp;0171.630 4429<\/p>\n<p>info@autidem.net<\/p>\n<p>Like us on Facebook:<br \/>\n<iframe id=\"facbook_like_box_1\" src=\"\/\/www.facebook.com\/v11.0\/plugins\/page.php?adapt_container_width=true&#038;container_width=300&#038;width=300&#038;height=80&#038;hide_cover=false&#038;href=https%3A%2F%2Fwww.facebook.com%2F337210109748748&#038;locale=en_US&#038;sdk=joey&#038;show_facepile=false&#038;tabs=false&#038;show_posts=false&#038;small_header=true\" scrolling=\"no\" allowTransparency=\"true\" style=\"border:1px solid #FFFFFF; overflow:hidden;visibility:hidden; max-width:500px; width:300px; height:80px;\"><\/iframe><script>\r\n\t\tif(typeof(jQuery)==\"undefined\")\r\n\t\t\tjQuery=window.parent.jQuery;\r\n\t\tif(typeof(like_box_animated_element)==\"undefined\")\r\n\t\t\tlike_box_animated_element=window.parent.like_box_animated_element;\r\n\t\tif(typeof(like_box_set_width_cur_element)==\"undefined\")\r\n\t\t\tlike_box_set_width_cur_element=window.parent.like_box_animated_element;\t\t\r\n\t\tjQuery(document).ready(function(){\r\n\t\t\tdocument.getElementById(\"facbook_like_box_1\").style.visibility=\"visible\"\r\n\t\t\tlike_box_set_width_cur_element(\"facbook_like_box_1\",300)\r\n\t\t\t});<\/script><\/p>\n<p>&nbsp;<\/p>\n","protected":false},"excerpt":{"rendered":"<p>&nbsp; &nbsp; &nbsp; &nbsp; &nbsp; &nbsp; &nbsp; &nbsp; &nbsp; &nbsp; &nbsp; &nbsp; &nbsp; &nbsp; &nbsp; &nbsp; &nbsp; &nbsp; AUT iDEM [&hellip;]<\/p>\n","protected":false},"author":1,"featured_media":0,"parent":0,"menu_order":0,"comment_status":"open","ping_status":"open","template":"","meta":{"ngg_post_thumbnail":0,"footnotes":""},"class_list":["post-2","page","type-page","status-publish","hentry"],"_links":{"self":[{"href":"https:\/\/www.autidem.net\/index.php?rest_route=\/wp\/v2\/pages\/2","targetHints":{"allow":["GET"]}}],"collection":[{"href":"https:\/\/www.autidem.net\/index.php?rest_route=\/wp\/v2\/pages"}],"about":[{"href":"https:\/\/www.autidem.net\/index.php?rest_route=\/wp\/v2\/types\/page"}],"author":[{"embeddable":true,"href":"https:\/\/www.autidem.net\/index.php?rest_route=\/wp\/v2\/users\/1"}],"replies":[{"embeddable":true,"href":"https:\/\/www.autidem.net\/index.php?rest_route=%2Fwp%2Fv2%2Fcomments&post=2"}],"version-history":[{"count":22,"href":"https:\/\/www.autidem.net\/index.php?rest_route=\/wp\/v2\/pages\/2\/revisions"}],"predecessor-version":[{"id":386,"href":"https:\/\/www.autidem.net\/index.php?rest_route=\/wp\/v2\/pages\/2\/revisions\/386"}],"wp:attachment":[{"href":"https:\/\/www.autidem.net\/index.php?rest_route=%2Fwp%2Fv2%2Fmedia&parent=2"}],"curies":[{"name":"wp","href":"https:\/\/api.w.org\/{rel}","templated":true}]}}